et s be (r + (-26)/3)*-3. What is the greatest common divisor of s and g?
20
Let z be 7 - 1 - (0 + -2). Let d = z + 9. What is the greatest common factor of d and 119?
17
Suppose 0 = 4*j - 2*l - 18, 3 = -j + 3*l - 0*l. Calculate the highest common divisor of j and 2.
2
Suppose 2*q + 64 = 4*q. Calculate the greatest common divisor of 48 and q.
16
Let d(q) = q**2 - 6*q + 2. Let j be (-2)/(-8) - 23/(-4). Let r be d(j). What is the greatest common factor of 18 and r?
2
Let t be 3 + (-5)/(10/(-196)). Let g = t + -24. Calculate the highest common divisor of 7 and g.
7
Suppose -11 + 2 = -3*u. What is the highest common divisor of u and 12?
3
Suppose 0*b + 5*m = b - 13, -2*b - 2*m + 38 = 0. Let k(i) = -2*i**3 - 7*i**2 - 6*i + 3. Let a be k(-5). What is the greatest common factor of a and b?
18
Suppose h = -1 + 2. Let y be -1*0/1 + h. Let b be 7 + -2 + 4 - y. What is the greatest common divisor of 72 and b?
8
Let l(k) = 2*k**2 - 7*k + 1. Let x(v) = v**2 - 3*v. Let o(t) = 3*l(t) - 5*x(t). Let i be o(9). What is the highest common factor of i and 15?
15
Suppose 10*p - 16 - 24 = 0. Calculate the greatest common factor of p and 1.
1
Let f = 145 - 103. Calculate the highest common divisor of 6 and f.
6
Let v be 7 + (-1 - (-2 + 0)). Let i = v + 0. Suppose -n + 144 = n. What is the highest common factor of n and i?
8
Let k = 2 + 0. Let n(j) = 1 - 2*j + 0*j + k*j + 3*j. Let l be n(4). What is the greatest common factor of l and 143?
13
Let j = -18 + 46. Calculate the highest common divisor of j and 42.
14
Let k be 165 - 0*(1 + -2). Let o be (-10)/(-6)*(-5 - -14). Calculate the highest common divisor of k and o.
15
Suppose 5*r = r + 840. What is the highest common divisor of 14 and r?
14
Let c(u) = 21*u**3 + 2*u**2 + u. Let n be c(-1). Let f be ((-6)/(-4))/((-3)/n). Suppose v - f = -2. Calculate the greatest common divisor of v and 4.
4
Let g be (-5)/(-2) + 1/2. Let o(u) = -6 + 3*u**2 - u**3 + 5*u**2 - 2 + 10*u. Let t be o(9). Calculate the highest common factor of g and t.
1
Let j be (-15)/20*4/(-1). What is the greatest common divisor of 3 and j?
3
Let b = -13 - -25. Let x be (b/5)/(12/80). Calculate the highest common factor of x and 2.
2
Let z = 33 + -8. What is the greatest common factor of z and 175?
25
Suppose 2*a - 23 = 61. What is the greatest common divisor of 378 and a?
42
Let j(i) = 3*i**3 - i + 2. Let x be j(1). Let n be -2 + 4 - (-10 + x). Let t be 73 - (1/(-1) + 2). What is the greatest common factor of n and t?
8
Suppose -4*o + 0*o = -152. Let p(v) = 7*v**3 - v**2 + 3*v - 1. Let s be p(2). What is the greatest common factor of s and o?
19
Let c be 4/(-8)*-20 - -1. Calculate the highest common divisor of 110 and c.
11
Let w(f) be the third derivative of 0 - 2*f**2 - 1/6*f**3 + 11/20*f**5 + 0*f + 0*f**4. Let j be w(-1). What is the greatest common divisor of 8 and j?
8
Suppose -4*t + 10 = -14. Suppose -w + 37 = 5*i + 13, -3*i + 2*w + 4 = 0. Suppose -1 = q - i. Calculate the greatest common divisor of t and q.
3
Suppose -2*n + 147 + 63 = 0. What is the highest common factor of n and 30?
15
Let s(m) = 3*m**2 + m - 1. Let b(a) = a**3 + 16*a**2 + 5*a - 5. Let r(n) = 2*b(n) - 11*s(n). Let q be r(1). What is the greatest common factor of q and 11?
1
Let u(p) = 34*p**2 - 2*p - 1. Let m be u(-1). What is the greatest common divisor of m and 5?
5
Let z = 126 + -83. Let g = -17 + z. What is the highest common factor of 65 and g?
13
Suppose -5*i + 48 = -i. Suppose 108 = 2*j + i. Let v(q) = -q**3 + 33*q**2 + 70*q + 16. Let n be v(35). Calculate the greatest common divisor of n and j.
16
Let a be (-4)/(-6) - 88/(-3). What is the greatest common divisor of 6 and a?
6
Let c be (-20)/30 + (-148)/(-6). What is the greatest common divisor of 8 and c?
8
Let l(n) = -16*n + 10. Let r be l(-5). Calculate the highest common factor of 10 and r.
10
Let f = 16 + -10. What is the highest common divisor of 15 and f?
3
Let i be (30/4)/(3/4). Let g(a) = -a**2 + 12*a - 10. Let l be g(i). Let v(u) = u**2 - u - 2. Let h be v(-3). What is the highest common divisor of l and h?
10
Let o be (-2)/(-2)*(5 - 1). Suppose 5*i = -o*m + 30, 4*i = 2*i - 4*m + 12. Let f = 43 - -5. Calculate the greatest common divisor of f and i.
6
Suppose -5*z - 15 = 0, 5*y - 2*z = 3*z + 55. Let c = -20 + y. Let k be (-194)/c + 2/(-12). Calculate the greatest common factor of k and 24.
8
Let s(m) = 6*m**2 - 2*m. Let q be s(-2). Let p = -41 + 111. Suppose 0 = -4*z - p + 238. What is the greatest common factor of z and q?
14
Let j be 0 + -135*(-1 - 0). Let q be (0 - 10)/((-4)/22). Suppose 5*g - q = -4*o, 2*g = -0*g + 4*o + 50. What is the greatest common factor of j and g?
15
Let n = -74 - -92. What is the greatest common factor of n and 12?
6
Suppose 2*m + 3*m - 225 = 0. Suppose 5*v - 4 = 11. Suppose 5*u - 7 = -v*o, -6*o - 2*u = -o - 37. Calculate the greatest common divisor of m and o.
9
Suppose 3*k = 3 - 9. Let r = k - -6. Suppose -5*u - 3*m + 10 = -259, -210 = -r*u - 5*m. What is the highest common factor of 11 and u?
11
Let t be 16*(-6)/(-12)*2. What is the greatest common divisor of 4 and t?
4
Let k(p) = 2*p - 4. Let j be k(9). Calculate the highest common divisor of j and 7.
7
Let o = -201 - -299. Calculate the highest common factor of 14 and o.
14
Let u be ((-162)/4)/(2/4). Suppose -2*b - 2*q + 60 = 0, 2*b - 10*q = -7*q + 70. Let p be (u/12)/((-6)/b). Calculate the greatest common divisor of 12 and p.
12
Suppose 0 = 4*l - 2*l - 16. Let o(y) = y**2 + 12*y + 8. Let t be o(-12). What is the greatest common factor of l and t?
8
Suppose -17*n - 300 = -21*n. What is the greatest common divisor of n and 25?
25
Let k = -33 - -46. Calculate the highest common divisor of k and 65.
13
Let l be (-1)/(-3) - (-28)/6. Suppose l*t - 27 = 33. What is the highest common divisor of 18 and t?
6
Let f(n) = n**3 - 3*n**2 + 3*n - 3. Let l be f(2). Let k(s) = 7*s**2. Let v be k(l). Suppose 4*j - 21 = j. What is the highest common divisor of j and v?
7
Let w(l) = l**2 - 8*l. Let o be w(10). Let g = -11 - -31. What is the highest common factor of g and o?
20
Let g(z) = 9*z + 2. Let o be (0 - 1*-6) + -2. Let u be g(o). What is the greatest common factor of u and 57?
19
Let m(o) = 8*o**2 - 2*o + 1. Let v be m(1). Let l be (-4)/(-14) - (-12)/v. Suppose -32 = -2*q - 0. What is the greatest common factor of l and q?
2
Suppose 11*m - 18 - 59 = 0. What is the highest common divisor of m and 2?
1
Suppose 2*q + 32 = -0*q. Let r = q + 31. What is the greatest common factor of r and 105?
15
Let u = 133 - 106. What is the greatest common factor of u and 3?
3
Suppose -3*h + 5*h - 24 = 0. Calculate the greatest common factor of h and 48.
12
Let j(i) = 83*i - 4. Let t be j(4). Let g = 481 - t. Calculate the highest common divisor of g and 17.
17
Suppose 41*y = 38*y + 888. Calculate the highest common divisor of y and 37.
37
Suppose -3*f + 19 + 113 = 0. Suppose 0 = -0*t + 4*t - f. What is the greatest common factor of t and 11?
11
Let o be (-8)/(-10) - 2/(-10). Suppose l = 7*i - 2*i + 28, -3*l - 2*i = o. Let r = 3 - 1. Calculate the greatest common divisor of r and l.
1
Suppose 28 = 4*b - 2*r, -r = 3*b - 34 + 8. Calculate the greatest common divisor of 40 and b.
8
Let c be 1/2 - 30/4. Let q be (-2)/7 - 37/c. Suppose 5*i = 55 + 145. What is the highest common divisor of q and i?
5
Let h be -1 + -1 - (1 - 1). Let z = 54 - 77. Let y be z/(-2) + (-1)/h. What is the greatest common divisor of y and 12?
12
Let n(l) = -l + 7. Let y be n(-7). Calculate the highest common divisor of 56 and y.
14
Let m(o) = 10 - 6 + o**2 + 10 - 2 + 11*o. Let v be m(-11). Calculate the highest common divisor of 18 and v.
6
Let i be ((-16)/3)/4*-15. What is the highest common divisor of i and 50?
10
Let l(o) = o**3 + 7*o**2 + 6*o + 8. Let g be l(-5). What is the greatest common factor of g and 280?
28
Let z(c) = -c**3 + 3*c**2 + 4*c - 3. Let i be z(5). Suppose 5*k + m = -13 - 80, 69 = -4*k + m. Let f = k - i. What is the highest common divisor of f and 3?
3
Let h = -12 - -18. Suppose h*q - 56 = 5*q. What is the greatest common factor of q and 14?
14
Let b(y) = -4*y**3 - 2*y**2 - 3*y - 2. Let s be b(-1). What is the highest common divisor of 27 and s?
3
Suppose -95 = -5*a + 5. Suppose -i - 3*i = -3*o + 56, -5*o + 95 = -5*i. Calculate the highest common divisor of a a